 -n + 26. Let t(f) = -f**2 + f + 1. Give t(n).
-5
Let f(q) = -q**3 - 5*q**2 + 6*q + 5. Let r(y) = -3*y**3 - 14*y**2 + 17*y + 14. Let c(j) = -11*f(j) + 4*r(j). Give c(-2).
1
Let n(i) = -6*i + 2. Let q be ((-2)/(-4) - 2)/((-11)/22). What is n(q)?
-16
Suppose 28*b - 31*b - 9 = 0. Let z(u) = 2 + u - 3*u - 5. Determine z(b).
3
Let f(m) = -5*m**2 + 1. Suppose 0 = -5*a - 4*p + 1, -2*p + 0*p = -3*a - 17. Let l be (2 + a)/((-4)/4). Give f(l).
-4
Let a(u) = -4*u**2 + 4 - 2 - u**3 + 2*u + 2. Calculate a(-3).
-11
Let x(p) = -p**3 + 9*p**2 + p - 5. Let z be x(9). Let c(a) = -2 - 1 + 5*a + a**2 - z. Suppose 5*b = 10 - 40. Calculate c(b).
-1
Suppose 0 = 9*v + 81. Let o(w) = -w - 12. Determine o(v).
-3
Let l(n) = n**2 - n - 1. Let z(c) = 4*c**2 - 2*c - 6. Let b(g) = -5*l(g) + z(g). What is b(2)?
1
Let a(v) = -v**3 - 4*v**2 + 7*v + 5. Let q be a(-5). Let h(s) = 5 - 2 + 2*s - s + 5. What is h(q)?
3
Let f(r) = -r - 20. Let g(x) = 1. Let i(t) = f(t) + 6*g(t). Determine i(-7).
-7
Let h = 4 - 7. Let y = h + 2. Let x(b) = 2*b. Give x(y).
-2
Let t(b) = -b. Suppose 2*w = -4*l + 16, -l + 5*w - 13 = -2*l. Let z = l - 3. Give t(z).
0
Let w(c) = -c**2 - c + 5. Let q(k) = 39*k**3 - k + 1. Let f be 1/((3 + -2)/1). Let t be q(f). Let p be (t/(-15) + 3)*-10. Calculate w(p).
-7
Let v(j) = 3*j + 1. Let s be v(-1). Let k(a) be the third derivative of a**4/12 - a**3/3 + a**2. What is k(s)?
-6
Let a(g) = g**2 - 7*g + 6. Let c(l) = 3*l + 8. Let n be c(-6). Let j = n + 14. What is a(j)?
-6
Let w(y) = y**3 + 6*y**2 + 6*y + 1. Let x be (6/12)/((-1)/(-12)). Suppose -3*a - 21 = -x. Give w(a).
-4
Let j(d) be the third derivative of -d**4/12 - d**3/2 - 7*d**2. Determine j(4).
-11
Let p(u) = -u**3 + 6*u**2 - 5*u - 5. Suppose -3*d - 5*o = 0, 2 = 4*d - 3*o - 27. What is p(d)?
-5
Let k(f) = 1 + 5*f + 0*f**2 - 5 + 3 + f**2. Calculate k(-4).
-5
Suppose 0 = -2*m + 2, 5*g - 15 - 5 = 5*m. Suppose 0*a + 5*q = 2*a - 14, 35 = g*a + 3*q. Let j(p) = p + 1 - p + a*p. Give j(-1).
-6
Let v(x) = x**3 + 2*x**2 + 4*x + 2. Suppose -4*s - 42 + 18 = 0. Let u(a) = a + 7. Let t be u(s). Let l(y) = -3*y + 1. Let p be l(t). Determine v(p).
-6
Let y(p) be the second derivative of -7/12*p**4 + 0 + 0*p**2 - 1/6*p**3 + 4*p. Let n(o) = -2*o**2 - 2*o - 1. Let j be n(-1). What is y(j)?
-6
Let m(b) be the first derivative of -b**2/2 - 8*b - 18. Determine m(-6).
-2
Suppose 2*k - 7*k = -5*q - 35, -3*q - 16 = -2*k. Let g(w) = w**3 - 6*w**2 + 5*w - 5. Give g(k).
-5
Let x(n) = n - 5. Let f(d) = -d + 5. Let a(m) = 5*f(m) + 6*x(m). Let q be 3/9*(0 + 21). What is a(q)?
2
Let f(m) = -m**3 + 9*m**2 - 6*m + 3. Let r(c) = 2*c**3 - 19*c**2 + 12*c - 5. Let x(n) = -9*f(n) - 4*r(n). What is x(5)?
23
Let n be 3*6/((-54)/15). Let h(a) = a. Calculate h(n).
-5
Let c(h) = h**2 + 5*h + 3. Let v be 1 + 0 + 45/(-9). Give c(v).
-1
Let i(w) = w**3 + 7*w**2 - 6*w + 9. Suppose 2 + 3 = 5*o, 2*o + 22 = -3*g. Give i(g).
-7
Let l be (6/4)/((-3)/(-4)). Let a(o) = 0*o**2 + 3*o**2 + o - 2*o**l + 2. Give a(-4).
14
Let f(a) = a**2 + 7*a + 2. Let t be f(-6). Let w(x) = x**2 + 4*x - 1. Give w(t).
-1
Let m(d) = 7*d. Let v(c) = -22*c. Let f(g) = 16*m(g) + 5*v(g). What is f(3)?
6
Let z(i) be the first derivative of i**2 - 1 + 4*i**3 + i - 8*i**3 + 3*i**3. What is z(2)?
-7
Let u(b) = 3*b - 5. Let z(g) = 2*g - 4. Let y(h) = -4*u(h) + 5*z(h). Suppose 0 = 11*x - 17 - 5. What is y(x)?
-4
Let b(l) = -l**2 + 6*l. Let j be b(7). Let t(f) = f**2 + 9*f + 6. Determine t(j).
-8
Suppose 0 = h - 0*h - 2. Let j(z) = 7 - z**3 - 7 + z + z**2. Let x(q) = -5*q**3 + 4*q**2 + 8*q - 2. Let p(r) = -6*j(r) + x(r). Determine p(h).
2
Let h(w) = 2*w**2 - w**2 + 3*w + 20 - 16. Give h(-5).
14
Let b(u) = -u**2 - 10*u - 12. Let x be b(-8). Let m(o) = -o**2 - 2*o - 2. Let g(a) = 3*a**2 + 4*a + 5. Let l(z) = -2*g(z) - 5*m(z). What is l(x)?
-8
Let z(m) be the third derivative of m**6/120 - m**5/12 + m**2. Let v = -7 - -12. Give z(v).
0
Let i(j) = 5*j**2 + 3*j**3 + j**2 + 0*j**2 + 7*j - 2*j**3 + 7. Let s = -5 - 0. Determine i(s).
-3
Suppose -4*r = -5 - 3. Let a(d) = d**2 - 3*d + 2. What is a(r)?
0
Let f(s) = s**2 - 2*s - 5. Let l(o) = -o**2 + 3*o + 5. Let j(a) = 6*f(a) + 5*l(a). Calculate j(-6).
13
Let w(h) = h - 10. Suppose 0 = -2*j + 6*j - 28. Give w(j).
-3
Let r(s) = -s + 2*s**2 + 2 - s**2 - 7. Suppose -k + 16 = 3*k. Calculate r(k).
7
Let l(u) = 4*u - u**3 - 6*u**3 + 2*u**3 + 4*u**3 + 3*u**2 - 6. Let f(n) = 3*n - 2. Let h be f(2). Calculate l(h).
-6
Let l = -8 + 13. Let t(z) = 1 + 4*z + z - l - 6*z. Determine t(-6).
2
Let y(p) be the third derivative of 1/24*p**4 + 0 + 0*p + 7/6*p**3 - 7*p**2. Let m = 3 - 6. Calculate y(m).
4
Let q(h) = -2*h - 3 - h - 3*h**2 + 4*h**2. Suppose -3*i + 17 = 2*g, -6 = -3*i + g - 1. Determine q(i).
-3
Let k(z) be the first derivative of 1 + 1/4*z**4 + 0*z**2 - 5/3*z**3 - 3*z. Let v be k(5). Let r(q) = -3*q - 2. Calculate r(v).
7
Let t = -7 - -9. Suppose m = 2*d - 3*d + t, 3*d - 12 = 0. Let i(x) = -x**2 + 2. Determine i(m).
-2
Suppose -6*b - 10 = -4*b. Suppose 4*u - 2*p - 4 = 10, 3 = -p. Let s(m) = -u*m - 6 + 0*m + m. What is s(b)?
-1
Let z(p) = p**3 + 5*p**2 + 3*p + 2. Suppose -7*u + 6*u - 4 = 0. What is z(u)?
6
Suppose -15 = -5*j - o, 2*o = -0*o + 10. Let t(a) = -3*a**2 + 2*a + 1. Let q(v) = -v**2 - v + 1. Let r(u) = -2*q(u) + t(u). Calculate r(j).
3
Suppose -3*f - 6 - 6 = 0. Let m(k) = -k**3 - 6*k**2 - 4*k - 1. What is m(f)?
-17
Let i(g) = -6*g + 85 - 43 - g**2 - 35. Give i(-8).
-9
Let c(f) = -4*f**2 + f**2 - 8*f**2. Suppose 2*u = 3 - 1. Suppose 0*t - t = u. Determine c(t).
-11
Suppose 4*l - 8*l = -2*x + 10, 5*x - 11 = -4*l. Let c(u) = -u**3 + 4 + 0*u**x - 3*u**2 + 0*u**3 + 3*u. Give c(-3).
-5
Suppose 35 = 5*t + 5*j, -4*j = 2*t - 3*j - 11. Suppose -t*w + 6*v - v + 29 = 0, 23 = 4*w + v. Let i(d) = -d**2 + 7*d. What is i(w)?
6
Let r(h) = 2*h + 2. Let g(u) = -u - 1. Let q(f) = 3*g(f) + 2*r(f). Let t = -7 - -13. Suppose -2*l - t - 10 = 5*z, -3*z = -l + 14. What is q(z)?
-3
Let r(d) = -2*d**2 + 3*d - 3. Let m(i) be the third derivative of i**5/60 - i**4/12 + i**3/2 + 4*i**2. Let u(h) = -3*m(h) - 2*r(h). Calculate u(-3).
6
Let x(j) be the first derivative of 3*j**2 + 5. Give x(1).
6
Let w(r) = -r + 4. Suppose 3*b = 2*b + 4. Suppose 5 = b*l - 15. Calculate w(l).
-1
Suppose -3*k - 15 = -2*k. Let s = k - -18. Let h(j) = -j**3 + 2*j**2 - j + 4. What is h(s)?
-8
Let n(f) be the second derivative of 3*f + 0 + 7/2*f**2 - 1/6*f**3. What is n(3)?
4
Let c(r) = -2 - 3 + 3*r - r. Determine c(4).
3
Suppose 4*d + 6 = -0*d + 2*h, -3 = -3*d - h. Let m be 2 - (3 + 1 + d). Let x(f) = f**3 + 2*f**2 - 3*f - 3. Calculate x(m).
3
Let l(x) be the second derivative of -5*x**3/3 + x**2/2 + 2*x. Determine l(-1).
11
Let u(p) = p**2 - 9*p + 5. Let x be u(5). Let k be 3/(x/4)*5. Let n(b) be the first derivative of b**2/2 + b + 1. Determine n(k).
-3
Let o(g) = g**2 + 6*g + 2. Let m(b) = 3*b**2 + 18*b + 7. Let z(l) = 2*m(l) - 7*o(l). Determine z(-7).
-7
Let z(s) = -14 - 35*s**2 + 6 - 10*s + 36*s**2. Let i be z(11). Suppose -v = 2*v - i. Let c(k) = -5*k**3 - k**2 + 2*k - 1. Determine c(v).
-5
Let p(w) = 3*w. Let b(u) = -u**2 - 13*u - 16. Let z be b(-11). Suppose 0 = -2*n - n + z. Give p(n).
6
Suppose 12 = 3*n - l, 3*n - 3*l - 8 = n. Suppose -4*f + n - 11 = -j, 4*j = -5*f + 7. Let h(a) = -a - 2 + a**3 - a**2 + 0*a - a**2. Give h(j).
4
Let c(u) be the third derivative of 0*u - 2/3*u**3 + 0 - 1/24*u**4 + u**2. Suppose 2*z - 7 = -a - 4, a + z = 0. What is c(a)?
-1
Let n(v) be the third derivative of v**6/120 - v**5/10 + 5*v**4/24 + 7*v**3/6 + 21*v**2. Determine n(5).
7
Let k(m) = -4*m**2 + m + 2. Let z(x) = -5*x**2 + 2. Let p(c) = 6*k(c) - 5*z(c). Let t(n) be the first derivative of p(n). What is t(-4)?
-2
Let l(c) = 2*c**3 - c. Let y be 14/3 + (-3)/(-9). Suppose -3*u + y = 2*u. Give l(u).
1
Let a(k) = -k**3 - 4*k**2 + 6*k. Let j(u) = u**2 - 10*u - 5. Let t be j(10). Determine a(t).
-5
Let h(f) = -4 - 9 - 4*f + 11. Calculate h(4).
-18
Let x = 0 + -7. Let s(k) = -4*k - 7. Let q be s(x). Suppose 2*d - q = 3*b + d, 0 = -4*b - d - 21. Let t(z) = -z - 2. Calculate t(b).
4
Let o(j) be the first derivative of 2*j**2 + 2*j - 5. Suppose 2 = -c + 7, 3*g + 21 = 3*c. Let p(n) = 5*n + 3. Let h(b) = g*p(b) + 3*o(b). What is h(1)?
2
Suppose 0 = -3*y + 123 - 33. Suppose 2*h + 4 = w + 7, 0 = -5*h - 5*w - y. Let f(j) b